{"id":1408,"date":"2024-03-14T09:23:39","date_gmt":"2024-03-14T08:23:39","guid":{"rendered":"http:\/\/joaquimmolinsfigueras.org.mialias.net\/?page_id=1408"},"modified":"2024-04-25T15:38:01","modified_gmt":"2024-04-25T13:38:01","slug":"mas-acciones","status":"publish","type":"page","link":"https:\/\/joaquimmolinsfigueras.org\/webnew\/mas-acciones\/","title":{"rendered":"M\u00e1s Acciones"},"content":{"rendered":"<p>[et_pb_section fb_built=\u00bb1&#8243; _builder_version=\u00bb4.19.1&#8243; _module_preset=\u00bbdefault\u00bb background_color=\u00bb#151f33&#8243; custom_padding=\u00bb||8vw||false|false\u00bb global_colors_info=\u00bb{}\u00bb][et_pb_row _builder_version=\u00bb4.19.1&#8243; _module_preset=\u00bbdefault\u00bb global_colors_info=\u00bb{}\u00bb][et_pb_column type=\u00bb4_4&#8243; _builder_version=\u00bb4.19.1&#8243; _module_preset=\u00bbdefault\u00bb global_colors_info=\u00bb{}\u00bb][et_pb_text _builder_version=\u00bb4.19.1&#8243; _module_preset=\u00bbdefault\u00bb text_font=\u00bb|600|||||||\u00bb text_text_color=\u00bb#FFFFFF\u00bb text_font_size=\u00bb16px\u00bb text_line_height=\u00bb2.8em\u00bb header_font=\u00bbNoto Serif||||||||\u00bb header_text_color=\u00bb#D6D6D6&#8243; header_font_size=\u00bb40px\u00bb header_line_height=\u00bb1.1em\u00bb max_width=\u00bb700px\u00bb hover_enabled=\u00bb0&#8243; global_colors_info=\u00bb{}\u00bb header_font_last_edited=\u00bbon|desktop\u00bb header_font_size_last_edited=\u00bbon|phone\u00bb sticky_enabled=\u00bb0&#8243; header_font_size_phone=\u00bb30px\u00bb header_font_tablet=\u00bbNoto Serif||||||||\u00bb header_font_phone=\u00bbNoto Serif||||||||\u00bb header_font_size_tablet=\u00bb40px\u00bb]<\/p>\n<h1>Proyectos Singulares:<\/h1>\n<h1>m\u00e1s acciones<\/h1>\n<p>Los proyectos singulares son aquellas acciones gestionadas directamente desde la Fundaci\u00f3n.<\/p>\n<p>[\/et_pb_text][et_pb_divider color=\u00bb#FFFFFF\u00bb divider_weight=\u00bb3px\u00bb _builder_version=\u00bb4.19.1&#8243; _module_preset=\u00bbdefault\u00bb max_width=\u00bb80px\u00bb custom_margin=\u00bb||30px||false|false\u00bb global_colors_info=\u00bb{}\u00bb][\/et_pb_divider][\/et_pb_column][\/et_pb_row][et_pb_row column_structure=\u00bb1_2,1_2&#8243; _builder_version=\u00bb4.19.1&#8243; _module_preset=\u00bbdefault\u00bb global_colors_info=\u00bb{}\u00bb][et_pb_column type=\u00bb1_2&#8243; _builder_version=\u00bb4.19.1&#8243; _module_preset=\u00bbdefault\u00bb custom_padding=\u00bb||||false|false\u00bb custom_padding_tablet=\u00bb||||false|false\u00bb custom_padding_phone=\u00bb||||false|false\u00bb custom_padding_last_edited=\u00bbon|desktop\u00bb global_colors_info=\u00bb{}\u00bb][et_pb_cta title=\u00bbBECAS MARTA\u00bb button_url=\u00bb\/becas-marta\/\u00bb button_text=\u00bbLeer m\u00e1s\u00bb _builder_version=\u00bb4.19.1&#8243; _module_preset=\u00bbdefault\u00bb header_font=\u00bb|700||on|||||\u00bb header_text_color=\u00bb#FFFFFF\u00bb header_font_size=\u00bb18px\u00bb header_letter_spacing=\u00bb4px\u00bb header_line_height=\u00bb1.8em\u00bb body_text_color=\u00bb#FFFFFF\u00bb body_line_height=\u00bb2em\u00bb background_color=\u00bb#000000&#8243; use_background_color_gradient=\u00bbon\u00bb background_color_gradient_type=\u00bbcircular\u00bb background_color_gradient_direction_radial=\u00bbtop left\u00bb background_color_gradient_stops=\u00bbrgba(21,31,51,0.7) 0%|rgba(21,31,51,0.6) 100%\u00bb background_color_gradient_overlays_image=\u00bbon\u00bb background_image=\u00bbhttps:\/\/joaquimmolinsfigueras.org\/webnew\/wp-content\/uploads\/2024\/04\/Foto-MMG-Familia-ninos2ch.jpg\u00bb custom_button=\u00bbon\u00bb button_text_size=\u00bb14px\u00bb button_text_color=\u00bb#b3c938&#8243; button_bg_color=\u00bbRGBA(255,255,255,0)\u00bb button_border_width=\u00bb0px\u00bb button_border_color=\u00bbRGBA(255,255,255,0)\u00bb button_border_radius=\u00bb0px\u00bb button_letter_spacing=\u00bb4px\u00bb button_font=\u00bb|700||on|||||\u00bb button_icon=\u00bb&#x24;||divi||400&#8243; button_icon_color=\u00bb#b3c938&#8243; button_alignment=\u00bbcenter\u00bb button_custom_padding=\u00bb|2em||0.7em|false|false\u00bb custom_margin=\u00bb10px||10px||true|false\u00bb custom_padding=\u00bb60px|20px|60px|20px|true|true\u00bb border_radii=\u00bbon|10px|10px|10px|10px\u00bb global_colors_info=\u00bb{}\u00bb background__hover_enabled=\u00bboff|hover\u00bb][\/et_pb_cta][\/et_pb_column][et_pb_column type=\u00bb1_2&#8243; _builder_version=\u00bb4.19.1&#8243; _module_preset=\u00bbdefault\u00bb global_colors_info=\u00bb{}\u00bb][\/et_pb_column][\/et_pb_row][\/et_pb_section]<\/p>\n","protected":false},"excerpt":{"rendered":"<p>Proyectos Singulares: m\u00e1s acciones Los proyectos singulares son aquellas acciones gestionadas directamente desde la Fundaci\u00f3n.<\/p>\n","protected":false},"author":1,"featured_media":0,"parent":0,"menu_order":0,"comment_status":"closed","ping_status":"closed","template":"","meta":{"_et_pb_use_builder":"on","_et_pb_old_content":"","_et_gb_content_width":"","footnotes":""},"yoast_head":"<!-- This site is optimized with the Yoast SEO plugin v22.9 - https:\/\/yoast.com\/wordpress\/plugins\/seo\/ -->\n<title>M\u00e1s Acciones - Fundaci\u00f3 Joaquim Molins Figueras<\/title>\n<meta name=\"robots\" content=\"noindex, follow, max-snippet:-1, max-image-preview:large, max-video-preview:-1\" \/>\n<meta property=\"og:locale\" content=\"es_ES\" \/>\n<meta property=\"og:type\" content=\"article\" \/>\n<meta property=\"og:title\" content=\"M\u00e1s Acciones - Fundaci\u00f3 Joaquim Molins Figueras\" \/>\n<meta property=\"og:description\" content=\"Proyectos Singulares: m\u00e1s acciones Los proyectos singulares son aquellas acciones gestionadas directamente desde la Fundaci\u00f3n.\" \/>\n<meta property=\"og:url\" content=\"https:\/\/joaquimmolinsfigueras.org\/webnew\/mas-acciones\/\" \/>\n<meta property=\"og:site_name\" content=\"Fundaci\u00f3 Joaquim Molins Figueras\" \/>\n<meta property=\"article:publisher\" content=\"https:\/\/www.facebook.com\/FundacioJoaquimMolinsFigueras\/\" \/>\n<meta property=\"article:modified_time\" content=\"2024-04-25T13:38:01+00:00\" \/>\n<meta property=\"og:image\" content=\"https:\/\/joaquimmolinsfigueras.org\/webnew\/wp-content\/uploads\/2022\/05\/logo-jmf.png\" \/>\n\t<meta property=\"og:image:width\" content=\"192\" \/>\n\t<meta property=\"og:image:height\" content=\"164\" \/>\n\t<meta property=\"og:image:type\" content=\"image\/png\" \/>\n<meta name=\"twitter:card\" content=\"summary_large_image\" \/>\n<script type=\"application\/ld+json\" class=\"yoast-schema-graph\">{\"@context\":\"https:\/\/schema.org\",\"@graph\":[{\"@type\":\"WebPage\",\"@id\":\"https:\/\/joaquimmolinsfigueras.org\/webnew\/mas-acciones\/\",\"url\":\"https:\/\/joaquimmolinsfigueras.org\/webnew\/mas-acciones\/\",\"name\":\"M\u00e1s Acciones - Fundaci\u00f3 Joaquim Molins Figueras\",\"isPartOf\":{\"@id\":\"https:\/\/joaquimmolinsfigueras.org\/webnew\/#website\"},\"datePublished\":\"2024-03-14T08:23:39+00:00\",\"dateModified\":\"2024-04-25T13:38:01+00:00\",\"breadcrumb\":{\"@id\":\"https:\/\/joaquimmolinsfigueras.org\/webnew\/mas-acciones\/#breadcrumb\"},\"inLanguage\":\"es\",\"potentialAction\":[{\"@type\":\"ReadAction\",\"target\":[\"https:\/\/joaquimmolinsfigueras.org\/webnew\/mas-acciones\/\"]}]},{\"@type\":\"BreadcrumbList\",\"@id\":\"https:\/\/joaquimmolinsfigueras.org\/webnew\/mas-acciones\/#breadcrumb\",\"itemListElement\":[{\"@type\":\"ListItem\",\"position\":1,\"name\":\"Portada\",\"item\":\"https:\/\/joaquimmolinsfigueras.org\/webnew\/\"},{\"@type\":\"ListItem\",\"position\":2,\"name\":\"M\u00e1s Acciones\"}]},{\"@type\":\"WebSite\",\"@id\":\"https:\/\/joaquimmolinsfigueras.org\/webnew\/#website\",\"url\":\"https:\/\/joaquimmolinsfigueras.org\/webnew\/\",\"name\":\"Fundaci\u00f3n Joaqu\u00edn Molins Figueras\",\"description\":\"\",\"publisher\":{\"@id\":\"https:\/\/joaquimmolinsfigueras.org\/webnew\/#organization\"},\"potentialAction\":[{\"@type\":\"SearchAction\",\"target\":{\"@type\":\"EntryPoint\",\"urlTemplate\":\"https:\/\/joaquimmolinsfigueras.org\/webnew\/?s={search_term_string}\"},\"query-input\":\"required name=search_term_string\"}],\"inLanguage\":\"es\"},{\"@type\":\"Organization\",\"@id\":\"https:\/\/joaquimmolinsfigueras.org\/webnew\/#organization\",\"name\":\"Fundaci\u00f3n Joaqu\u00edn Molins Figueras\",\"url\":\"https:\/\/joaquimmolinsfigueras.org\/webnew\/\",\"logo\":{\"@type\":\"ImageObject\",\"inLanguage\":\"es\",\"@id\":\"https:\/\/joaquimmolinsfigueras.org\/webnew\/#\/schema\/logo\/image\/\",\"url\":\"https:\/\/joaquimmolinsfigueras.org\/webnew\/wp-content\/uploads\/2022\/05\/logo-jmf.png\",\"contentUrl\":\"https:\/\/joaquimmolinsfigueras.org\/webnew\/wp-content\/uploads\/2022\/05\/logo-jmf.png\",\"width\":192,\"height\":164,\"caption\":\"Fundaci\u00f3n Joaqu\u00edn Molins Figueras\"},\"image\":{\"@id\":\"https:\/\/joaquimmolinsfigueras.org\/webnew\/#\/schema\/logo\/image\/\"},\"sameAs\":[\"https:\/\/www.facebook.com\/FundacioJoaquimMolinsFigueras\/\"]}]}<\/script>\n<!-- \/ Yoast SEO plugin. -->","yoast_head_json":{"title":"M\u00e1s Acciones - Fundaci\u00f3 Joaquim Molins Figueras","robots":{"index":"noindex","follow":"follow","max-snippet":"max-snippet:-1","max-image-preview":"max-image-preview:large","max-video-preview":"max-video-preview:-1"},"og_locale":"es_ES","og_type":"article","og_title":"M\u00e1s Acciones - Fundaci\u00f3 Joaquim Molins Figueras","og_description":"Proyectos Singulares: m\u00e1s acciones Los proyectos singulares son aquellas acciones gestionadas directamente desde la Fundaci\u00f3n.","og_url":"https:\/\/joaquimmolinsfigueras.org\/webnew\/mas-acciones\/","og_site_name":"Fundaci\u00f3 Joaquim Molins Figueras","article_publisher":"https:\/\/www.facebook.com\/FundacioJoaquimMolinsFigueras\/","article_modified_time":"2024-04-25T13:38:01+00:00","og_image":[{"width":192,"height":164,"url":"https:\/\/joaquimmolinsfigueras.org\/webnew\/wp-content\/uploads\/2022\/05\/logo-jmf.png","type":"image\/png"}],"twitter_card":"summary_large_image","schema":{"@context":"https:\/\/schema.org","@graph":[{"@type":"WebPage","@id":"https:\/\/joaquimmolinsfigueras.org\/webnew\/mas-acciones\/","url":"https:\/\/joaquimmolinsfigueras.org\/webnew\/mas-acciones\/","name":"M\u00e1s Acciones - Fundaci\u00f3 Joaquim Molins Figueras","isPartOf":{"@id":"https:\/\/joaquimmolinsfigueras.org\/webnew\/#website"},"datePublished":"2024-03-14T08:23:39+00:00","dateModified":"2024-04-25T13:38:01+00:00","breadcrumb":{"@id":"https:\/\/joaquimmolinsfigueras.org\/webnew\/mas-acciones\/#breadcrumb"},"inLanguage":"es","potentialAction":[{"@type":"ReadAction","target":["https:\/\/joaquimmolinsfigueras.org\/webnew\/mas-acciones\/"]}]},{"@type":"BreadcrumbList","@id":"https:\/\/joaquimmolinsfigueras.org\/webnew\/mas-acciones\/#breadcrumb","itemListElement":[{"@type":"ListItem","position":1,"name":"Portada","item":"https:\/\/joaquimmolinsfigueras.org\/webnew\/"},{"@type":"ListItem","position":2,"name":"M\u00e1s Acciones"}]},{"@type":"WebSite","@id":"https:\/\/joaquimmolinsfigueras.org\/webnew\/#website","url":"https:\/\/joaquimmolinsfigueras.org\/webnew\/","name":"Fundaci\u00f3n Joaqu\u00edn Molins Figueras","description":"","publisher":{"@id":"https:\/\/joaquimmolinsfigueras.org\/webnew\/#organization"},"potentialAction":[{"@type":"SearchAction","target":{"@type":"EntryPoint","urlTemplate":"https:\/\/joaquimmolinsfigueras.org\/webnew\/?s={search_term_string}"},"query-input":"required name=search_term_string"}],"inLanguage":"es"},{"@type":"Organization","@id":"https:\/\/joaquimmolinsfigueras.org\/webnew\/#organization","name":"Fundaci\u00f3n Joaqu\u00edn Molins Figueras","url":"https:\/\/joaquimmolinsfigueras.org\/webnew\/","logo":{"@type":"ImageObject","inLanguage":"es","@id":"https:\/\/joaquimmolinsfigueras.org\/webnew\/#\/schema\/logo\/image\/","url":"https:\/\/joaquimmolinsfigueras.org\/webnew\/wp-content\/uploads\/2022\/05\/logo-jmf.png","contentUrl":"https:\/\/joaquimmolinsfigueras.org\/webnew\/wp-content\/uploads\/2022\/05\/logo-jmf.png","width":192,"height":164,"caption":"Fundaci\u00f3n Joaqu\u00edn Molins Figueras"},"image":{"@id":"https:\/\/joaquimmolinsfigueras.org\/webnew\/#\/schema\/logo\/image\/"},"sameAs":["https:\/\/www.facebook.com\/FundacioJoaquimMolinsFigueras\/"]}]}},"_links":{"self":[{"href":"https:\/\/joaquimmolinsfigueras.org\/webnew\/wp-json\/wp\/v2\/pages\/1408"}],"collection":[{"href":"https:\/\/joaquimmolinsfigueras.org\/webnew\/wp-json\/wp\/v2\/pages"}],"about":[{"href":"https:\/\/joaquimmolinsfigueras.org\/webnew\/wp-json\/wp\/v2\/types\/page"}],"author":[{"embeddable":true,"href":"https:\/\/joaquimmolinsfigueras.org\/webnew\/wp-json\/wp\/v2\/users\/1"}],"replies":[{"embeddable":true,"href":"https:\/\/joaquimmolinsfigueras.org\/webnew\/wp-json\/wp\/v2\/comments?post=1408"}],"version-history":[{"count":0,"href":"https:\/\/joaquimmolinsfigueras.org\/webnew\/wp-json\/wp\/v2\/pages\/1408\/revisions"}],"wp:attachment":[{"href":"https:\/\/joaquimmolinsfigueras.org\/webnew\/wp-json\/wp\/v2\/media?parent=1408"}],"curies":[{"name":"wp","href":"https:\/\/api.w.org\/{rel}","templated":true}]}}